rime?
True
Let g(h) be the first derivative of -h**4 - 22*h**3/3 + 6*h**2 + 7*h + 24. Is g(-10) composite?
True
Let n(g) = 224*g**2 - 2*g + 1. Is n(-4) composite?
False
Is (-114900)/(-14) - 31/217 prime?
False
Let q(j) = 3*j**2 - 1. Let c = -23 - -31. Is q(c) composite?
False
Suppose 4*u = -3*p + p - 8, 3*u + 8 = -p. Suppose 5*s + 697 = p*a - 1249, 2*s + 760 = -3*a. Let x = 715 + s. Is x prime?
False
Let a(s) = 127*s**2 + 7*s - 7. Is a(2) a composite number?
True
Suppose 5*i - 15 = 10. Suppose i*d = -3 - 2. Is 93 - -2 - (0 - d) prime?
False
Suppose 19023 = 2*u + n, -4*u - 22*n = -24*n - 38026. Is u composite?
True
Suppose 23*x - 120607 = 89866. Is x a composite number?
False
Let j = -2078 - -1442. Let z = j + 967. Is z a prime number?
True
Suppose -a - 3*a = -464. Suppose v + v + 5*p = 143, -3*p = -2*v + 167. Let z = a - v. Is z a composite number?
False
Suppose 4*c + 0*c - 4*q = 14192, q = 2*c - 7099. Is c prime?
False
Let h be ((-72)/(-42))/(2/70). Suppose 5*s = -0 + h. Is (-8)/s*(-1 - 32) prime?
False
Let i be (-9)/(-2) + 3/(-6). Suppose -508 = -i*m + 3*v, -m + 127 = -0*m - v. Is m a composite number?
False
Let y(v) be the first derivative of -v**4/4 + 3*v**3 + v**2/2 - 7*v + 2. Suppose -36 + 12 = -3*x. Is y(x) a composite number?
True
Let f(n) = -n**3 - n**2 + n + 1811. Is f(0) prime?
True
Let n be (9/6*4)/2. Suppose 3*a + n*m = 3, -2*a + 6 = -m - m. Is a + 2 + 1*75 composite?
False
Let c(w) = -2*w - 9. Let s be c(0). Is (-4056)/s + (-4)/(-12) prime?
False
Suppose -9*z - 7736 = 1471. Let m = -572 - z. Is m prime?
False
Let v = -1306 - -3484. Suppose 0 = 2*q - f - 867 - 1306, -2*q - 4*f = -v. Let m = q + -674. Is m prime?
False
Suppose -3*w - 4*x = -9, -4*w + 5 = 2*x - 7. Suppose -w*y + 4*y = -44. Is (-957)/22*y/6 a prime number?
False
Suppose -2*q + 4*b = -6, -5*b + 0*b = -3*q + 10. Let s = 72 - 67. Suppose -q*h - 1650 = -s*k, 4*k - 2*h + 46 = 1376. Is k a composite number?
True
Let g be -6 - (-2 + -5 + 3). Is (g + 1)/1*-1637 prime?
True
Let c(t) = t**2 - 8*t. Let k be c(8). Suppose 5*f - 4*w - 25 = k, -4*w = -2*f - f + 15. Suppose 116 = v + f*n - 26, v - 118 = 3*n. Is v composite?
False
Let b(j) = j**2 - 12*j - 299. Is b(54) a composite number?
True
Let r = 33397 - 19736. Is r composite?
True
Let v = 6508 + -3122. Is v a composite number?
True
Suppose 51 = -8*o + 11*o. Let n(f) = 29 + 32 + 15 - o - 2*f. Is n(0) a prime number?
True
Is 1*(-72)/9 + 41005 prime?
False
Let l = -6 + 9. Suppose 0 = -4*q + a + 11, -3*a = -2*q - 2*a + l. Is q a prime number?
False
Suppose -z = -i - 4, 10 = -2*i - 4*z - 10. Is ((-50)/15)/(8/i)*178 a prime number?
False
Let d(x) = 41*x + 9. Let l be (-4 + 5)/1 + 13. Is d(l) composite?
True
Is ((-869067)/81 - 4/(-18))*-1 prime?
True
Let z(b) = -91*b + 8. Let o = 3 + -14. Is z(o) a prime number?
True
Suppose 0 = -4*x + g + 11, 4*x - 18 + 5 = -g. Suppose x*y + 0*y + 3*p = 1089, 0 = -y + p + 355. Is y a composite number?
False
Let t(v) = 1019*v + 111. Is t(4) a prime number?
False
Suppose -3 = j - 5*d + 3, 4*j - 5*d + 54 = 0. Is ((-391)/(-2))/((-8)/j) composite?
True
Let w(z) = 268*z**2 + z - 3. Let i(s) = -1. Let o(x) = -3*i(x) + w(x). Let n be o(1). Suppose 3*p + 32 = n. Is p composite?
False
Let f be (-11)/22*-22*33. Let z = 842 - f. Is z a composite number?
False
Let t = 79 + -78. Is (t + 3791)/2 + 2 - 3 composite?
True
Is (20274/(-372))/((-846)/844 + 1) a prime number?
False
Let b be (-44)/(-16) - (-3)/(-4). Suppose z - 671 = -4*v, b*z - 5*v = -3*z + 3430. Is z a prime number?
True
Let a = -421 - -79. Is (28/6)/((-12)/a) a prime number?
False
Suppose 0 = -m + 516 + 353. Is m a composite number?
True
Let x(h) = -156*h**3 - h**2 - 10*h - 32. Is x(-3) a prime number?
True
Let d = 8 - 4. Suppose -2*b = -2*y - 8, d*b + 9 = 5*y + 27. Suppose -b*t + 5*r = -85, 2*r + 76 = t + t. Is t a composite number?
True
Suppose -42*i = -39*i. Suppose 13*w - 10*w - 1437 = i. Is w a prime number?
True
Let d = 34 - 35. Let r be (-17 + d)*6/(-18). Is 1629/(-2)*r/(-9) a prime number?
False
Suppose 5*k = -85 + 100. Suppose -5*z - 623 = -k*a, -a + z + 181 = 6*z. Is a a composite number?
True
Suppose -15 = -3*r - 6. Suppose 0*a - 1269 = -3*a - r*d, 2*a + 4*d = 848. Is a/(-6)*45/(-3) prime?
False
Suppose -5*g + 4*j = -344865, 4*g = 5*j - 0*j + 275883. Is g a prime number?
False
Suppose 6 = 5*k - 24. Suppose 0*n - 2*n + 4*z + 304 = 0, 0 = -2*z. Is n/12*k/4 a prime number?
True
Suppose 4*j + 2*q - 57762 = 0, -37*j + 57747 = -33*j - 3*q. Is j prime?
False
Suppose 0 = -6*z + 5*z + 4079. Is z composite?
False
Let o = 33482 + 1821. Is o prime?
False
Let t(a) = 8407*a**2 + 10*a - 10. Is t(1) a prime number?
False
Let x(y) = 28*y + 10. Let k(z) = -z + 17. Let f be k(10). Let q be x(f). Suppose -553 = -3*u + q. Is u a prime number?
False
Suppose 5*t = 8*t - 4365. Suppose -u + 1940 = 4*x, 3*x + u + 3*u = t. Suppose x = -m + 6*m. Is m prime?
True
Let o(n) = 52*n - 3. Let g be 6/(-4) - 63/(-18). Let q be o(g). Suppose 111 = 4*d - q. Is d a prime number?
True
Let m(s) = 3900*s - 629. Is m(7) composite?
True
Let i = 12699 - 8130. Is i a composite number?
True
Let k(v) = 2723*v - 4. Is k(1) composite?
False
Suppose 4*v = 1 - 9. Let u be v*(-1 + 36/(-8)). Is (-6)/33 - (-1201)/u a prime number?
True
Let h be -2*2*6/(-8). Suppose 6*r - r + 122 = h*v, 4*v - 2*r = 144. Is v a composite number?
True
Let h(z) = -1767*z - 28. Is h(-5) composite?
False
Let g(l) = -l - 8. Let p be g(-6). Let f be p/(-8) - (-15)/4. Suppose -q - 4*r + 11 = 0, -4*q - f*r = r - 66. Is q a composite number?
False
Let z(m) = 1531*m**3 - 3*m**2 + m. Is z(1) a prime number?
False
Is 214026/(-4)*(-90)/135 prime?
True
Suppose -2*j + 67 = 4*o + 3*j, 3*o + 4*j - 51 = 0. Let b = o + -9. Suppose b + 9 = l. Is l a prime number?
True
Let v = -3406 - -1561. Let s = 1556 - v. Is s composite?
True
Suppose 5*c = 11*r - 9*r - 17331, 0 = 4*c + 4. Is r a composite number?
False
Suppose -9*k - 160 = -4*k. Let r = 111 + k. Is r prime?
True
Is 8/(-12)*283983/(-14) prime?
True
Let x(j) = -11*j + 6. Let m be x(-8). Suppose -5*h + 451 = -m. Is h a prime number?
True
Suppose -g + 14204 = 2*r, 14*r + 4*g = 12*r + 14198. Is r a prime number?
True
Let j(m) = 5*m**2 - 9*m**2 - 11 + m**3 - 7*m + 0*m**3. Is j(9) a prime number?
True
Let f be 1/((-4)/60) + -1. Is (14 + f)*223/(-2) prime?
True
Suppose 0*l + 3*l = 5*n + 112, -5*n = -2*l + 78. Suppose 36 = 2*f + 2*h, -3*f + h + l + 24 = 0. Is f a prime number?
True
Let t = 2987 + -2694. Is t composite?
False
Let b = -1121 + 2033. Let y = 1703 - b. Is y prime?
False
Let z(a) = 162*a + 154*a + 172*a + 14. Is z(4) a prime number?
False
Suppose 0 = 3*d - d - 10. Suppose -2*b = -d*b + 9. Suppose 4*p - v = 95, b*p - 7*v = -3*v + 81. Is p composite?
False
Is 6 + 4 + (5 - -952) prime?
True
Let p be (-2 + -1 - -7) + -3. Let d be (2/(-1 - 0))/p. Is 14/(-4)*(-36 + d) prime?
False
Suppose -130*n + 4*y + 67272 = -126*n, 4*n - y - 67269 = 0. Is n a prime number?
False
Suppose 6*g = g - 2110. Is (g + 0)*5/(-2) a prime number?
False
Suppose -4*b + d = -36, 4*b - 2*d - 2*d - 36 = 0. Suppose 0 = -5*s + 11 + b. Suppose s*f = f + 105. Is f a prime number?
False
Suppose 4*x - 1309 = 1475. Suppose 2*q - x = 2*y + 656, 3*y = -3*q + 2034. Suppose 5*w - q = -5*v + 953, 0 = 2*w - v - 667. Is w prime?
True
Let o be ((-2)/10 - (-18)/(-10)) + 0. Is (485/10)/(o + 159/78) a composite number?
True
Is (-699 - 0)*2552/(-264) prime?
False
Is 1/(-1) - (-7796 - (-3 + 9)) composite?
True
Let t(h) = -h + 18. Let r be t(13). Suppose 0 = p + r - 1. Let u = p + 221. Is u a prime number?
False
Is 1531273/43 - (-4 + -2) prime?
True
Let i(k) = -99*k + 34. Let m be i(-10). Let p = 1697 - m. Is p a composite number?
False
Let g(q) = q - 1. Let n be g(1). Suppose 5*y + x = -n*y + 800, x - 639 = -4*y. Is y prime?
False
Let l = 97 + -92. Suppose -4*t - p + 3608 = -0*p, l*t - 4489 = 4*p. Is t a composite number?
True
Suppose -4*q = 2*i - 306, 5*i + 464 = 8*i + q. Is i prime?
False
Let y(j) be the third derivative of 3*j**5/20 - j**4/24 + j**3/6 + 2*j**2. Suppose 3*h + 3 = 2*h, 0 = o + 2*h + 2. Is y(o) prime?
False
Let k = 5678 - 1805. Suppose 8*q - k = 5*q. Is q prime?
True
Is (-16209)/15*(-25)/15 a prime number?
True
Suppose 27*n = 9*n + 518058. Is n a composite number?
True
Let x = -13693 + 60378. Is x a prime numbe